 13*x(p). Determine b(4).
72
Let p(r) be the first derivative of -2*r**4 + 7*r**3/3 - 5*r**2/2 + 28. Let n(k) = 5*k**3 - 3*k**2 + 3*k - 1. Let z(g) = -5*n(g) - 3*p(g). Calculate z(-6).
5
Let j(n) = n**3 - 5*n**2 + n + 2. Let u be (32/(-16))/((-2)/4 - 0). Determine j(u).
-10
Let u(t) be the second derivative of 5 - 1/20*t**5 + 3/4*t**4 + 7/2*t**2 + 3/2*t**3 + 6*t. Determine u(10).
-3
Let w be (-437)/57 - ((-2)/(-6) + -1). Let n(d) = d**2 + 8*d + 19. Determine n(w).
12
Let g(z) be the first derivative of 6*z + 9 - 1/2*z**2. Let c(o) = o**2 - 3*o + 1. Let u be c(4). What is g(u)?
1
Let n(h) be the second derivative of 5*h**3/6 - 620*h. Calculate n(-1).
-5
Let r(l) = -l**2 - 6*l + 3. Suppose 5*g = -z - 10, -3*z - 16 = 5*g - 4*g. Let h(t) = -t**2 + 2*t + 30. Let b be h(z). Determine r(b).
8
Let m be (57/15 - 5)*(2 + 3). Let x(b) = -10*b + 40. Let n(f) = -3*f + 13. Let u(y) = -16*n(y) + 5*x(y). Determine u(m).
4
Let a be (-1 + 2)*2 + 0. Let x(s) = -15*s + 0*s + 13*s**2 + 7*s - 2. Let p(t) = 7*t**2 - 4*t - 1. Let y(m) = -11*p(m) + 6*x(m). What is y(a)?
-5
Let x(f) = -11*f + 78. Let l = 3143 + -3137. Calculate x(l).
12
Let g(j) = 2*j**3 + 5*j**2 + 4*j - 1. Let q be -14 + 21 + (-7)/(42/66). What is g(q)?
-65
Let b(c) = 3*c**3 + 2*c**2 - 26*c + 96. Let t(i) = 25*i**3 + 9*i**2 - 206*i + 767. Let u(h) = -17*b(h) + 2*t(h). What is u(-18)?
10
Let j(d) = 9*d - 36. Let n be j(4). Suppose 3*c - 2*p - 31 = 3*p, 5*c - 3*p - 25 = 0. Let s(m) = 4*m**2 - m**c - 6*m**2 + 4*m**2 + m + 18. Calculate s(n).
18
Let y(d) = -16*d**2 - 9*d + 4. Let z(m) be the first derivative of m**3/3 + m**2 - m - 39. Let w(a) = y(a) + 4*z(a). Calculate w(-1).
-11
Let c be (-9)/4*((-1)/(-6) + 14/12). Let z(w) = 4*w + 24. Give z(c).
12
Let z(p) be the second derivative of p**7/840 + p**6/90 - p**4/24 + p**3/6 - 3*p. Let n(l) be the second derivative of z(l). Let m = 883 + -886. Determine n(m).
8
Let r(l) = -74*l - 662. Suppose -23*i + 20*i - 24 = 0, 2*t + i = -26. What is r(t)?
4
Let p(n) = n - 2 + 3 - 4 + 16. Let z be -4 + (-2 - 3) - (7 + -10 + 3). Determine p(z).
4
Let v(t) be the third derivative of -t**5/60 + 7*t**4/24 + 43*t**3/3 + 82*t**2. Let q(u) be the first derivative of v(u). Calculate q(0).
7
Suppose -10 = -2*j - 6. Suppose -2*q - 2*p = 6, -p = -q - 1 - j. Let z(w) be the third derivative of w**5/60 - w**3/3 + 2*w**2 + 58. Determine z(q).
7
Suppose -3*h - 16 = -199*d + 204*d, 3*h = -3*d - 6. Let u(b) = -3*b**3 - 3*b**2 + b + 4. Give u(h).
-101
Let z(m) be the second derivative of m**5/20 - m**4/6 + 5*m**2/2 - 2299*m. Determine z(2).
5
Let t = 2298 - 2295. Let p(k) = -2*k**3 + k**2 + 7*k - 2. Calculate p(t).
-26
Let g(s) be the second derivative of -s**4/12 - 5*s**2 + 2*s. Let r = 21884 + -21884. What is g(r)?
-10
Suppose 35 = x - 4*y, 4*x + y = 5*y + 44. Let d(i) be the second derivative of 5*i + 0 - 1/3*i**x + 3*i**2. Calculate d(4).
-2
Let u be 1014/18 + (-2)/6. Suppose -2*g - 5*g = u. Let s(r) be the third derivative of -r**4/12 - 11*r**3/6 - 4*r**2. Determine s(g).
5
Let b(h) = 51*h**2 - h**3 + 43*h**2 - 1 - 89*h**2. Suppose 147 = -4*g + 23. Let x = g + 36. Calculate b(x).
-1
Let v(h) be the second derivative of h**4/12 + h**3/6 - 3*h**2/2 + 2*h. Let o = -11606 - -11609. Determine v(o).
9
Let o(i) = 0*i + 4 - 8*i - 2 + 6*i. Let x(j) be the second derivative of -j**3/3 + 3*j**2/2 - 121*j. Let t(k) = 2*o(k) - 3*x(k). Calculate t(9).
13
Let o(b) = -b**2 - 28*b - 147. Let g = -10517 - -10495. Give o(g).
-15
Suppose 18*d + 109 = 1999. Let c(j) = 208 - 5*j - 104 - d. Calculate c(-2).
9
Let c(j) = -5*j**2 + 9*j + 20. Let y(d) = -17*d**2 + 32*d + 61. Let b(s) = -10*c(s) + 3*y(s). Give b(9).
-44
Let x(k) = -343*k - 877. Let w(s) = -976*s - 2632. Let n(z) = -6*w(z) + 17*x(z). What is n(-35)?
8
Let a(m) = 1 + 1 + 8 + 1273*m + 24*m**2 - 1279*m - 25*m**2. Give a(-9).
-17
Let s(i) = i**2 - 3*i - 33. Let c = -30144 + 30132. Determine s(c).
147
Suppose -22 = l - 5*s, 0 = 3*l + l - 4*s + 8. Let q(y) = 4 - 4*y + y**2 + 8*y - 6*y**3 - l*y**2 + 5*y**3. Determine q(-3).
1
Let y(c) = 10*c - 14. Let v(q) = -2*q + 4. Let m(x) = 4*v(x) + y(x). Suppose -15 = 2*g + 1. What is m(g)?
-14
Let o(q) = 7*q - 12. Let d(b) = b - 3. Let a(x) = 6*d(x) - o(x). Let t = 145 + -147. What is a(t)?
-4
Let b(a) = -56 + 294*a - 591*a + 293*a + 7. What is b(-10)?
-9
Let q(v) = 19*v + 21 + 7123*v**2 - 3546*v**2 - 3578*v**2. Calculate q(-1).
1
Suppose 0 = -50*u + 47*u - 9. Let w be (u + 0/(-2))/(-1). Let t(n) = 3 + 5 + 8 - w*n + 2*n. Determine t(7).
9
Suppose 0*a + 21 = -3*x + 3*a, 9 = -2*x - 3*a. Let j(t) = -4*t - 21. Let g be j(x). Let s(w) = 2*w**2 - 3*w. Calculate s(g).
9
Let a be (-20)/(-5) + -1 + -4 - -4. Suppose -t = c + a, 4*t = 4*c - c + 16. Let n(g) = g**2 + 6*g + 3. What is n(c)?
-5
Let u = -20 - -11. Let g(a) be the first derivative of -a**2 - 21*a - 473688. Determine g(u).
-3
Let v(q) = -53 + 213 + 21*q - 91. Calculate v(-3).
6
Let j(g) = -g**3 + 11*g**2 - 7*g + 26. Suppose -1053*q - 3*k = -1055*q + 49, -5*k + 10 = 5*q. Determine j(q).
-51
Let o be 4 - 4*2/(-4). Let k = 23 + 0. Suppose -p - 3*n = -k, 1 - o = -n. Let b(q) = -q**2 + 8*q + 3. Give b(p).
3
Let s = 108 - 107. Let b be (6/s + 2)*54/(-36). Let f(i) = i + 7. Calculate f(b).
-5
Let f(c) = 10*c - 27*c + 3743 + 8*c + 13*c - 3730. Suppose -30 = 5*q - 0*q. Determine f(q).
-11
Let u(c) be the first derivative of -c**3/3 - 49*c**2/2 - 89*c - 4353. Determine u(-47).
5
Let l(u) = 2*u + 55. Let m = 12639 - 12659. Determine l(m).
15
Let i be (-20)/(-8)*(-16)/(-20). Let f(p) = i*p**2 - 89 + 3*p + 85 - p**2. Let l = 0 + -5. Calculate f(l).
6
Let v(g) = 27773*g + 2 - 6 - 27772*g. What is v(-5)?
-9
Let o(m) = m**3 - 2*m**2 + m + 1. Let s = 1754 + -2964. Let h be (-6)/10*(s/(-33))/(-11). What is o(h)?
3
Let k = -74 + 103. Let f(m) = -2*m + k - 23 - 12. Give f(-8).
10
Suppose -x + 3*x = -6, -3*b + 3*x = -72. Suppose -4*m + 3*l + 15 = 0, -24*l = -2*m - b*l + 3. Let g(s) = -s + 1. Calculate g(m).
-5
Let r(k) = k**2 - 6*k + 2. Let i(l) be the first derivative of 10 - 16*l + 1/2*l**2. Let x be i(20). Calculate r(x).
-6
Let y be -17 + 20 - 46/(-2). Let q(l) = -4*l + y + 4*l**2 + l - 6*l**2 - 23. Let d(t) = -t**2 - 5*t - 3. Let r be d(-5). Give q(r).
-6
Let a be 10 + 4/3*-6. Let f(c) = -14*c**3 - 20*c**2 + 13*c + 19. Let v(x) = -3*x**3 - 5*x**2 + 3*x + 5. Let h(l) = a*f(l) - 9*v(l). Let t = -4 + 9. Give h(t).
-12
Let v(g) = 7*g + 178. Let l be v(-22). Let w(a) = 6 + 22*a + 3*a - l*a. Determine w(4).
10
Let h(x) = -8*x**2 - 126*x + 28. Let w be (-196)/49 - (12 + 0). What is h(w)?
-4
Let z(c) be the first derivative of 32 + 1/4*c**4 - 4*c - 7/2*c**2 + 7/3*c**3. Give z(-8).
-12
Let j(y) = -2*y**2 - 37*y - 171. Let s be (0/(-15) - (-6)/4)/((-12)/88). Determine j(s).
-6
Let x(h) = -h - 1. Let m be (1/18*12)/(2/1662). Suppose -m = -5*b - 499. What is x(b)?
-12
Let t be -2 + 2/6 + (-55)/(-15). Let n(j) = -t - 8 - 2 + j + 7 + j. What is n(5)?
5
Let h(r) = r**2 - 6*r - 48. Suppose -34 + 204 = -17*w. Let y be h(w). Let z(p) = 60*p + 55*p - 4*p**2 - y*p - p**3 + 3 + 3. Give z(-5).
16
Suppose 9*o - 75 - 105 = 0. Let q be o*(-7)/(-28)*-2. Let v(h) = -h**2 - 11*h - 8. What is v(q)?
2
Let v be 1588/28 + -6*7/(-147). Let c(w) = -12 + 0 - 2*w + v*w**2 + 5 + 8. Give c(1).
56
Let k(v) = 2*v**2 + 4*v - 1. Suppose 6*a - 4*a - 6 = 0, 0 = 3*o - a - 213. Let z be (-2)/(o/172) + 6/(-27). What is k(z)?
29
Let u(s) = 20*s + 1. Let n(v) = v**2 + 135*v + 67. Let p(k) = n(k) - 6*u(k). What is p(-6)?
7
Suppose 3*y = 8*y - 40. Let f(s) = 36*s + 3. Let b be f(0). Let r(l) = 6*l + b*l**2 - l**2 - 13 - 3*l**2 + 9 + 12. What is r(y)?
-8
Let s(n) = -19*n**2 - 2*n + 4. Let f(x) = 22*x**2 + x - 3. Let g(r) = -7*f(r) - 8*s(r). What is g(9)?
-92
Let h be (3/(-2))/((-3)/6). Let u(l) be the first derivative of -l**3/6 - 2*l**2 - 64*l - 83. Let d(t) be the first derivative of u(t). Calculate d(h).
-7
Suppose -3*o - 4*h + 12 - 17 = 0, -32 = 4*o - h. Let f be 1*(0/7 + o). Let t(d) = 2*d + 5. Give t(f).
-9
Let b(n) = 123*n**3 - 19*n**2 + 7*n + 29. Let x(h) = 77*h**3 - 13*h**2 + 5*h + 20. Let q(k) = 5*b(k) - 8*x(k). What is q(8)?
9
Let q(g) = -g**2 - 25*g - 27. Let y be q(-24). Let b = -51 - -53. Let i(s) = s**3 - 3*s**2 + 1 - 6*s**2 - 7*s**b + 18*s**2 + s. Give i(y).
-11
Let k(z) = 137 + 78*z**3 - 2*z + 2*z**2 - 